In base 5, what is 12314013042 - -4?
12314013101
In base 13, what is -c05 + -947?
-184c
In base 16, what is 64 + -ca82?
-ca1e
In base 7, what is -53132662 - 25?
-53133020
In base 7, what is -45 - -610424530?
610424452
In base 3, what is 110120102 + -22012120?
11100212
In base 8, what is 6 - 15700031?
-15700023
In base 9, what is -17721643 - -6?
-17721636
In base 5, what is -234433314024 + 4?
-234433314020
In base 5, what is 2021412 + -222?
2021140
In base 8, what is -12 - 4631462?
-4631474
In base 8, what is 5 - 614563631?
-614563624
In base 16, what is 85c3d6 - 0?
85c3d6
In base 15, what is 6e + -36851a?
-36849b
In base 6, what is 12 + 131424114?
131424130
In base 6, what is 140 - 443554?
-443414
In base 16, what is -ceec + 6?
-cee6
In base 9, what is -234 - -11330?
11085
In base 3, what is -12 - -2110212022001210?
2110212022001121
In base 13, what is -a + -156a5b?
-156a68
In base 12, what is -bbb35 + 29?
-bbb08
In base 7, what is 104 + -1013213?
-1013106
In base 10, what is -641450 - -2?
-641448
In base 16, what is 1db - 62184?
-61fa9
In base 12, what is -567 - -38584?
38019
In base 3, what is 20120 + -2111200202011?
-2111200111121
In base 7, what is 146263 - -13622?
163215
In base 5, what is -14 - 420422231?
-420422300
In base 4, what is -11 + 12313023130?
12313023113
In base 2, what is -100000001 - 111000001011010000101?
-111000001011110000110
In base 15, what is 3 + -1955e23?
-1955e20
In base 3, what is -11002 - -1010011100221?
1010011012212
In base 2, what is 1 - 111011010000111000100101?
-111011010000111000100100
In base 11, what is -172505 + 13?
-1724a2
In base 14, what is 47d9 - -19?
4814
In base 7, what is 330101433 + 12?
330101445
In base 7, what is -212305532 - 4?
-212305536
In base 13, what is 7 - -1c064a8?
1c064b2
In base 4, what is 11300030 - 10301?
11223123
In base 13, what is -47c4 - 1b97?
-668b
In base 15, what is 1e5a612 + 0?
1e5a612
In base 4, what is -2303230320011 + 11?
-2303230320000
In base 9, what is 10721723 + 4?
10721727
In base 14, what is 65594275 - 5?
65594270
In base 16, what is 7a315 - -141?
7a456
In base 2, what is 11100100 - -10001001011110100?
10001001111011000
In base 9, what is 2 - -7003647?
7003650
In base 13, what is 37b4a26 - -6?
37b4a2c
In base 11, what is 30212450 + -2?
30212449
In base 12, what is 171b8 - -549?
17745
In base 9, what is 10715008 - -66?
10715075
In base 7, what is 130640623 - -4?
130640630
In base 9, what is -452230 + 2?
-452227
In base 15, what is -9cb9ca - -4?
-9cb9c6
In base 9, what is -555627 + 457?
-555160
In base 9, what is -8 + -57807024?
-57807033
In base 2, what is 11100100101111000110111 + 1001?
11100100101111001000000
In base 16, what is -1 + b4b69fa?
b4b69f9
In base 3, what is -120100221222220 + -2?
-120100221222222
In base 15, what is 0 + 1b6d4e?
1b6d4e
In base 2, what is -1101100110110 + -1011111101001100?
-1101101010000010
In base 12, what is 5 + -71317b1?
-71317a8
In base 5, what is 200023330243 - 1?
200023330242
In base 9, what is 1150 + -88465?
-87315
In base 16, what is 3fe - -3376?
3774
In base 10, what is -167734973 + 0?
-167734973
In base 3, what is 111021211 + -11201?
111010010
In base 10, what is -2252758 - -146?
-2252612
In base 4, what is -20 - 23201033101?
-23201033121
In base 2, what is 10101100100011011011110 - 100?
10101100100011011011010
In base 9, what is 468 + -147718?
-147240
In base 11, what is 121 + -1188?
-1067
In base 9, what is 17 - -1117861?
1117878
In base 12, what is 333a70613 - -3?
333a70616
In base 2, what is -101100100 - 110011011100010?
-110100001000110
In base 7, what is 6033 + 562?
6625
In base 13, what is 703b + -1c93?
5078
In base 5, what is 1202101010 - 4?
1202101001
In base 13, what is -a1 - ba7a?
-bb4b
In base 8, what is 1044 + -1114?
-50
In base 14, what is -2704 - 150?
-2854
In base 6, what is -11003 + 3135?
-3424
In base 12, what is -366336 - 3?
-366339
In base 3, what is 1121 + -1102222201221?
-1102222200100
In base 6, what is -2141 - 2331105?
-2333250
In base 6, what is -5 - -14212101?
14212052
In base 5, what is -134134 - 1111?
-140300
In base 6, what is 5 - -501020050?
501020055
In base 3, what is 202201112211 + -10112?
202201102022
In base 7, what is 233000051 + -4?
233000044
In base 4, what is 113113 - 201132312?
-201013133
In base 2, what is 1011101 - 101011010001111?
-101011000110010
In base 3, what is 20001000021 - 122122120?
12101100201
In base 14, what is -250 + -3da8?
-4218
In base 7, what is -12511654 + 354?
-12511300
In base 13, what is 11 - -6340a4?
6340b5
In base 13, what is -168 + 33758?
335c0
In base 3, what is 21102 + 1212021011211?
1212021110020
In base 8, what is -1007374402 - 5?
-1007374407
In base 4, what is -11030 - -300122002?
300110312
In base 2, what is 11110010110110101101001011 - -10110?
11110010110110101101100001
In base 6, what is -1501 - 300205?
-302110
In base 14, what is -4d44240 - -4?
-4d4423a
In base 14, what is -2a566134 - 4?
-2a566138
In base 13, what is 7b0078c + 0?
7b0078c
In base 6, what is -4254 - 242221?
-250515
In base 5, what is 4332133443 + 111?
4332134104
In base 5, what is -41100 + -40010?
-131110
In base 15, what is -b2 + 204?
142
In base 14, what is -70783 + 376?
-7040b
In base 10, what is 3266 + 34194?
37460
In base 4, what is -10123320031 + -230?
-10123320321
In base 10, what is -5169419 - -67?
-5169352
In base 3, what is -10001012000100 - 100?
-10001012000200
In base 14, what is 21333 + 8?
2133b
In base 16, what is 5 - -84fb504?
84fb509
In base 10, what is -4 - -55052405?
55052401
In base 6, what is 2 + -500111112?
-500111110
In base 16, what is -2cc9 - 2e5?
-2fae
In base 11, what is -4 - 1292104?
-1292108
In base 12, what is 5 - 130bb90b?
-130bb906
In base 11, what is -4 - -265351?
265348
In base 2, what is -110001000011000010011 - 110?
-110001000011000011001
In base 3, what is -21112102011112 - -10?
-21112102011102
In base 16, what is -1e8 - 1fde?
-21c6
In base 9, what is -1426488 - -17?
-1426471
In base 11, what is 440402 - 19?
440394
In base 4, what is 2 + 302031130232?
302031130300
In base 5, what is -10410 + 111030?
100120
In base 3, what is 10000000 + 222122?
10222122
In base 3, what is 2102 - 2001020022010?
-2001020012201
In base 11, what is 1 - 3600087?
-3600086
In base 12, what is 6028390 + 5?
6028395
In base 15, what is -1 + 493d7e?
493d7d
In base 6, what is -1202 - -3101?
1455
In base 2, what is -1 + -111101101110110010010111?
-111101101110110010011000
In base 13, what is 8b8b6 - 97?
8b81c
In base 10, what is 6 - 592347?
-592341
In base 10, what is 307634 - -126?
307760
In base 2, what is -1001111 + 10010001100100?
10010000010101
In base 6, what is -3130411201 + -24?
-3130411225
In base 13, what is 1aa6 + -19884?
-17aab
In base 2, what is -11001100001 + 1110000010101?
1010110110100
In base 14, what is 0 + -2226d49?
-2226d49
In base 14, what is -88403 - -62d?
-87bb4
In base 3, what is 10022102022 - 21?
10022102001
In base 14, what is 8da0 + -7190?
1c10
In base 14, what is 1 + -23d26506?
-23d26505
In base 13, what is -26 - c3b6?
-c40c
In base 15, what is -3730 + -59c7?
-9207
In base 12, what is 497309 - -b0?
4973b9
In base 10, what is 134772 + -278?
134494
In base 6, what is 23045412 + 33?
23045445
In base 15, what is -4 - 6a6507b?
-6a65080
In base 4, what is -111321200 - -110123?
-111211011
In base 7, what is 312 + 30251222?
30251534
In base 6, what is -201522311 + -1?
-201522312
In base 10, what is -3185893 + -38?
-3185931
In base 12, what is 3 + -205a2b?
-205a28
In base 14, what is 2 - c6241d7?
-c6241d5
In base 8, what is -5402 + 20351?
12747
In base 16, what is -22 - 165ed?
-1660f
In base 16, what is e4 + -2fda9b?
-2fd9b7
In base 11, what is 2 - -125070440?
125070442
In base 16, what is f + d8de1?
d8df0
In base 11, what is 2843 + 6412?
9155
In base 11, what is 49a360 + a0?
49a450
In base 5, what is 1103403122213 - 2?
1103403122211
In base 9, what is -1187 + 31011?
28713
In base 16, what is -5 - -3aa265?
3aa260
In base 15, what is 100 + 4cc?
5cc
In base 5, what is 112 + -211144221?
-211144104
In base 14, what is -18 - 90934?
-9094c
In base 5, what is -10 + -1032313300001?
-1032313300011
In base 7, what is 32330364 - 55?
32330306
In base 3, what is -101 + 110212212100122?
110212212100021
In base 3, what is 21110122222012 + 11?
21110122222100
In base 10, what is -